base 7
0
Convert -3 (base 8) to base 12.
-3
What is 3 (base 12) in base 16?
3
What is 3 (base 10) in base 6?
3
-420 (base 5) to base 6
-302
Convert -13 (base 8) to base 15.
-b
8 (base 14) to base 13
8
Convert 16 (base 7) to base 8.
15
Convert 33 (base 7) to base 6.
40
Convert -2 (base 14) to base 3.
-2
-2 (base 4) to base 6
-2
What is 402 (base 7) in base 4?
3012
What is 4 (base 15) in base 11?
4
Convert -1 (base 14) to base 6.
-1
Convert -1301 (base 4) to base 14.
-81
1 (base 15) to base 9
1
What is -37 (base 14) in base 10?
-49
4 (base 16) to base 8
4
What is 3 (base 15) in base 3?
10
What is -a1 (base 12) in base 5?
-441
12 (base 6) to base 4
20
What is -2 (base 14) in base 5?
-2
Convert -1a (base 13) to base 5.
-43
-d (base 16) to base 4
-31
What is -18 (base 14) in base 11?
-20
11 (base 10) to base 9
12
-3 (base 8) to base 10
-3
19 (base 16) to base 6
41
Convert 153 (base 9) to base 11.
108
What is -18 (base 11) in base 7?
-25
What is 7 (base 11) in base 10?
7
What is 23 (base 6) in base 14?
11
What is -52 (base 11) in base 13?
-45
Convert 310 (base 4) to base 13.
40
What is -4 (base 9) in base 8?
-4
What is -13 (base 10) in base 11?
-12
What is -38 (base 16) in base 6?
-132
-ac (base 15) to base 10
-162
What is -87 (base 13) in base 8?
-157
2 (base 3) to base 8
2
2 (base 3) to base 12
2
What is -3 (base 16) in base 3?
-10
What is 45 (base 16) in base 5?
234
What is 10 (base 9) in base 8?
11
-25 (base 13) to base 3
-1011
Convert 3 (base 10) to base 2.
11
a (base 15) to base 9
11
What is 1 (base 4) in base 13?
1
-112 (base 4) to base 6
-34
4 (base 16) to base 4
10
1 (base 4) to base 6
1
Convert 12 (base 4) to base 14.
6
Convert 1a (base 13) to base 4.
113
What is -3 (base 15) in base 5?
-3
-42 (base 6) to base 15
-1b
7 (base 8) to base 13
7
Convert 5c (base 16) to base 6.
232
What is a1 (base 13) in base 9?
155
0 (base 13) to base 10
0
-6 (base 9) to base 14
-6
5 (base 13) to base 5
10
Convert -6a (base 13) to base 4.
-1120
Convert 97 (base 16) to base 14.
ab
Convert -5 (base 12) to base 13.
-5
What is 5 (base 16) in base 6?
5
What is -d6 (base 15) in base 13?
-126
-5 (base 14) to base 8
-5
3 (base 15) to base 8
3
Convert -2 (base 4) to base 2.
-10
330 (base 6) to base 7
240
Convert -18 (base 11) to base 6.
-31
-5 (base 15) to base 2
-101
b (base 16) to base 2
1011
-11b (base 16) to base 13
-18a
ee (base 16) to base 14
130
0 (base 7) to base 13
0
Convert -31 (base 13) to base 14.
-2c
1 (base 16) to base 7
1
What is -3 (base 9) in base 2?
-11
85 (base 10) to base 4
1111
1 (base 3) to base 10
1
Convert -100 (base 3) to base 13.
-9
-152 (base 7) to base 12
-72
What is 1 (base 9) in base 7?
1
Convert 23 (base 15) to base 13.
27
Convert -12 (base 9) to base 15.
-b
-443 (base 5) to base 12
-a3
-43 (base 13) to base 8
-67
What is -8 (base 16) in base 5?
-13
-10 (base 6) to base 15
-6
What is 7 (base 15) in base 13?
7
-20000 (base 3) to base 14
-b8
-10 (base 3) to base 13
-3
-3 (base 4) to base 3
-10
137 (base 13) to base 14
115
Convert -20 (base 4) to base 12.
-8
211 (base 3) to base 9
24
Convert -1112 (base 3) to base 16.
-29
242 (base 11) to base 6
1200
What is -1 (base 4) in base 14?
-1
Convert -2212 (base 4) to base 11.
-141
Convert -10 (base 4) to base 13.
-4
Convert -356 (base 9) to base 12.
-206
20 (base 7) to base 4
32
What is 300 (base 4) in base 14?
36
-110000 (base 2) to base 16
-30
Convert 3 (base 13) to base 6.
3
What is -7a (base 11) in base 6?
-223
Convert 65 (base 8) to base 12.
45
What is -4 (base 10) in base 11?
-4
11111 (base 4) to base 10
341
What is 33 (base 8) in base 5?
102
Convert -2 (base 5) to base 16.
-2
What is -e (base 16) in base 14?
-10
111 (base 3) to base 9
14
What is 303 (base 5) in base 14?
58
What is 330 (base 6) in base 3?
11200
13 (base 12) to base 15
10
2 (base 10) to base 6
2
-1 (base 2) to base 3
-1
What is -3 (base 11) in base 10?
-3
What is -1 (base 10) in base 2?
-1
-4 (base 14) to base 8
-4
What is -5 (base 11) in base 12?
-5
What is -15 (base 14) in base 16?
-13
Convert -38 (base 16) to base 12.
-48
Convert 6 (base 11) to base 16.
6
What is -10 (base 4) in base 5?
-4
-162 (base 16) to base 2
-101100010
5 (base 12) to base 4
11
111 (base 9) to base 3
10101
Convert d9 (base 14) to base 3.
21002
What is -2 (base 6) in base 11?
-2
10 (base 2) to base 11
2
Convert -6 (base 13) to base 10.
-6
11 (base 4) to base 6
5
What is 1 (base 5) in base 16?
1
15 (base 6) to base 14
b
What is -4 (base 15) in base 8?
-4
What is -17 (base 13) in base 8?
-24
-1a (base 15) to base 5
-100
0 (base 6) to base 9
0
2 (base 16) to base 3
2
a (base 12) to base 2
1010
Convert -10111 (base 3) to base 15.
-64
23 (base 7) to base 6
25
-127 (base 12) to base 9
-214
What is 0 (base 9) in base 14?
0
What is -a7 (base 16) in base 6?
-435
Convert -21 (base 12) to base 10.
-25
What is 11000000 (base 2) in base 9?
233
26 (base 11) to base 7
40
What is 3 (base 16) in base 10?
3
What is -101010 (base 2) in base 5?
-132
-10 (base 2) to base 14
-2
Convert 1a (base 11) to base 6.
33
What is 210 (base 8) in base 12?
b4
Convert -1 (base 13) to base 10.
-1
What is -131 (base 7) in base 11?
-65
-3 (base 13) to base 2
-11
-10 (base 12) to base 4
-30
Convert -a (base 11) to base 7.
-13
Convert a (base 16) to base 7.
13
What is 6 (base 7) in base 10?
6
What is 44 (base 9) in base 5?
130
Convert -5 (base 9) to base 4.
-11
1 (base 7) to base 5
1
What is -40 (base 5) in base 4?
-110
What is -c (base 15) in base 6?
-20
What is -33 (base 6) in base 4?
-111
110100 (base 2) to base 13
40
What is 423 (base 6) in base 16?
9f
8 (base 15) to base 6
12
Convert 44 (base 11) to base 5.
143
Convert 14 (base 10) to base 16.
e
What is -111000 (base 2) in base 7?
-110
Convert -232 (base 8) to base 4.
-2122
What is -13 (base 7) in base 9?
-11
0 (base 5) to base 4
0
What is 2 (base 12) in base 5?
2
What is -235 (base 11) in base 5?
-2110
What is 324 (base 5) in base 2?
1011001
What is -7 (base 10) in base 8?
-7
What is 69 (base 11) in base 12?
63
-6 (base 16) to base 6
-10
Convert -1202 (base 3) to base 14.
-35
What is 126 (base 9) in base 13?
81
10101101 (base 2) to base 9
212
What is -10 (base 2) in base 3?
-2
13 (base 5) to base 9
8
Convert 48 (base 15) to base 12.
58
What is -1 (base 10) in base 11?
-1
Convert -15 (base 7) to base 3.
-110
What is 7 (base 12) in base 11?
7
Convert 36 (base 15) to base 2.
110011
Convert 8 (base 15) to base 7.
11
1 (base 10) to base 5
1
Convert 10 (base 5) to base 11.
5
-1112 (base 3) to base 16
-29
Convert -16 (base 12) to base 7.
-24
Convert 22 (base 3) to base 11.
8
Convert 0 (base 16) to base 10.
0
Convert -3 (base 11) to base 16.
-3
Convert -87 (base 9) to base 4.
-1033
What is 10 (base 4) in base 15?
4
-b (base 16) to base 13
-b
What is -2 (base 13) in base 12?
-2
10 (base 8) to base 14
8
b (base 16) to base 5
21
Convert 2 (base 13) to base 4.
2
What is 400 (base 6) in base 14?
a4
Convert 3100 (base 4) to base 6.
544
-18 (base 13) to base 9
-23
Convert 10 (base 16) to base 15.
11
What is 10 (base 16) in base 3?
121
0 (base 9) to base 15
0
Convert 1 (base 7) to base 4.
1
-31 (base 6) to base 4
-103
Convert -113 (base 4) to base 8.
-27
What is -32 (base 6) in base 16?
-14
What is -2 (base 12) in base 2?
-10
-2 (base 8) to base 5
-2
What is 0 (base 14) in base 9?
0
What is -10 (base 9) in base 14?
-9
Convert -15 (base 12) to base 9.
-18
What is 212 (base 3) in base 2?
10111
-5e (base 16) to base 12
-7a
1000011 (base 2) to base 12
57
-40 (base 5) to base 15
-15
-b (base 13) to base 15
-b
What is -13 (base 12) in base 7?
-21
-d (base 14) to base 11
-12
What is 40 (base 12) in base 7?
66
What is -b (base 12) in base 9?
-12
-12 (base 4) to base 7
-6
Convert 1 (base 11) to base 2.
1
-100 (base 3) to base 8
-11
3b (base 15) to base 11
51
What is -1 (base 13) in base 9?
-1
Convert -32 (base 5) to base 12.
-15
Convert -1 (base 14) to base 5.
-1
Convert -253 (base 9) to base 15.
-e0
-5 (base 13) to base 16
-5
Convert 14 (base 15) to base 7.
25
What is 2 (base 11) in base 4?
2
Convert -49 (base 14) to base 8.
-101
What is -2b (base 12) in base 3?
-1022
3 (base 16) to base 11
3
-13e (base 16) to base 6
-1250
What is 36 (base 14) in base 11?
44
What is -512 (base 6) in base 11?
-161
What is -10100100 (base 2) in base 3?
-20002
What is 2 (bas